t i(x) = x**3 - 7*x**2 + 6*x + 6. What is the units digit of i(z)?
6
Let o(y) = y - y + 3*y + 3*y**2 - 5 - y**2. What is the tens digit of o(-5)?
3
Suppose 3*w = o + 809, 4*o = 6*o - 8. What is the units digit of w?
1
Suppose -4*q + 5 + 3 = 0. Suppose 3*l + 2*l - 5 = -2*z, q*l + z - 2 = 0. What is the units digit of l?
1
Let w be 56/6 + 20/30. Let m = 11 + w. What is the units digit of m?
1
Let l = -3 + 6. Suppose -2*s + l = -5. Suppose 3*a = -h + 11, h - 2*h + s*a = -11. What is the tens digit of h?
1
Let g(v) = v + 12. Suppose 0 = -8*s + 4*s. What is the units digit of g(s)?
2
Let o = -21 - -107. Suppose d - o = -d. What is the units digit of d?
3
Let f = -106 - -157. What is the units digit of f?
1
Let z be (-3)/(-5) + 18/(-5). Let c = z - -7. What is the units digit of c?
4
Let x(u) = 0 + 0*u + 2 + 2*u - u**3 - 3*u**2. Let k be (4/(-6))/(3/18). What is the units digit of x(k)?
0
Suppose 3*w = 6*w - 165. Suppose -j - 4*j + w = 0. What is the units digit of j?
1
What is the units digit of (12/20)/((-1)/(-45))?
7
Let o(i) = i + 15 - 3*i**2 + 5*i**3 - 4*i**3 - 2*i**2 - 9*i**2. What is the units digit of o(14)?
9
Suppose 20 = -4*i, 0 = 3*h + i + 4*i + 16. Suppose j + 0 - 6 = -5*v, -h*j = -v - 2. What is the units digit of (2 - -3) + 1/v?
6
Let u = 99 - 77. What is the units digit of u?
2
Let l = 62 - -44. What is the hundreds digit of l?
1
Suppose 2*n - 5*n = 0. Let w(a) = -a**2 + a + 54. Let y be w(n). Suppose 5*h - 6 = v + y, -v + 6 = h. What is the units digit of h?
1
Let g(a) = 3*a**2. Let h = -4 + 3. Let i be g(h). Suppose i*t = -0*m - m + 13, -t = m - 1. What is the units digit of t?
6
Suppose -3*t + 2*n - 3*n + 14 = 0, 0 = 5*n + 5. Suppose t*l + 5*j - 135 = 0, -l + 0*l + 22 = -4*j. What is the tens digit of l?
2
Let m(g) = -g + 113. What is the hundreds digit of m(0)?
1
Suppose 0 = 2*f - 7*f. Suppose -2*v - v + 126 = f. What is the tens digit of v?
4
Let y(n) be the third derivative of -3*n**4/8 - n**3/2 + 7*n**2. What is the units digit of y(-5)?
2
Let v(z) = -z**2 - 6*z + 8. Let b be v(-6). Let j be (3/2)/((-6)/b). Let q = 7 - j. What is the units digit of q?
9
Suppose -11*z + 268 = -7*z - 2*j, -200 = -3*z + j. What is the tens digit of z?
6
Suppose -41 = 4*f + 2*w + 3, -30 = 2*f + 5*w. Let x = f - -22. Suppose -3*c - x + 39 = 0. What is the units digit of c?
9
What is the units digit of 174*(135/(-10))/(-9)?
1
Let r be ((-15)/12)/(1/4). Let x(k) = -k**3 - 5*k**2 + k + 7. What is the units digit of x(r)?
2
Suppose -16 - 8 = 4*h. Let k be (1/2 - 1)*-2. Let q = k - h. What is the units digit of q?
7
Let x = -3 - -7. Suppose x*g + 22 = 3*s - 1, -s + 4*g = -21. What is the units digit of s?
1
Let d = 0 - -1. Let w(n) = 3*n**3 - n**2 + n. Let l be w(d). What is the units digit of 11 + (-3)/(l - 6)?
2
Suppose 4*c = -p - 10 - 3, -5*c + 91 = -2*p. Let v be (-1029)/p + (-4)/22. Let z = -22 + v. What is the units digit of z?
9
Let m = 28 - 15. Let j = m + -3. Suppose j = 4*o + t - 3, o - 7 = t. What is the units digit of o?
4
Suppose 0 = -3*p + 3*f - f + 49, 4*f - 6 = -2*p. What is the units digit of p?
3
Let u(n) = 6*n - 17. Suppose 5*d - 51 = 9. What is the units digit of u(d)?
5
Let p(v) = -v**2 + 4. Let n be p(-3). Suppose 0 = -s + 3. Let x = s - n. What is the units digit of x?
8
Suppose 6*n + 3*p - 127 = n, n - 5*p = 3. What is the tens digit of n?
2
Let f = -23 + 86. What is the units digit of f?
3
Let b(v) = -27*v - 9. What is the units digit of b(-2)?
5
Let u = 1 - 7. Let t(o) = -o**2 - 7*o - 2. Let s be t(u). Suppose 2*p - s*p - a + 20 = 0, -5*p = -5*a - 50. What is the tens digit of p?
1
Let n(d) = -4*d**2 - 5*d + 5. Let l(h) = h**3 + 20*h**2 + 24*h - 25. Let v(a) = 2*l(a) + 11*n(a). What is the units digit of v(4)?
1
Suppose 0 = 3*y + 2*y - 95. Let g be 2/5 - (-165)/25. Let r = y - g. What is the tens digit of r?
1
Suppose -d + 60 = -0*d. What is the units digit of d?
0
Suppose n = 4*n - 33. What is the units digit of n?
1
Suppose 5*w + 0*w = 0. Suppose -4*u = 5*a - 74, 3*a + 5*u = -w + 34. What is the tens digit of a?
1
Let x = -32 + 56. Let n = -12 + x. Suppose 0*w - n = -w. What is the units digit of w?
2
Let o = -36 - -79. What is the units digit of o?
3
Let p(a) = -2*a**3 + 14*a**2 - 6*a + 7. What is the units digit of p(6)?
3
Let u = 1 + -1. Suppose 5*c + u*c - 45 = 0. What is the units digit of c?
9
Let g(u) = -u**2 - u - 3. Let c be g(0). Let j be (3 - 3/3) + c. Let d = 0 - j. What is the units digit of d?
1
What is the tens digit of 243/12 + (-2)/8?
2
Let d(x) = -x**3 - 6*x**2 + 5*x - 10. Let j be d(-7). Let w = j - -4. What is the units digit of w?
8
Let q = -3 + 4. Let r be q*(6/(-3) + 0). What is the units digit of (-2 - -4)*(-7)/r?
7
Let x(r) = 2*r**2 - 2*r - 9. What is the tens digit of x(5)?
3
Suppose 3*c + 2*z - 805 = 3*z, 5*c - 4*z = 1330. Suppose -102 + c = 4*o. What is the units digit of o?
2
Let r(u) = -2*u - 4 + 0 + 5. Let w be r(-2). Suppose -5*t + w = -0*t. What is the units digit of t?
1
Let d = -2 + 0. Let k be d/8 + 30/(-8). What is the units digit of (6 - -2)*(-2)/k?
4
Let j = 202 - 78. What is the tens digit of j?
2
Suppose 3*h + 1 = 19. Suppose h = -y + 28. What is the units digit of y?
2
Suppose -s - 65 = 4*s. Let v = s - -31. What is the units digit of v?
8
Suppose 2*u = 5*u + 3. What is the units digit of (-28)/(-3) + u/3?
9
Let z(r) = r**3 - 14*r**2 + r - 17. Let g be z(14). What is the tens digit of g/21 + 282/14?
2
Let m be (-1 - 1) + 4 - -2. Suppose -m*b = -b - 48. What is the tens digit of b?
1
Suppose -3*m - 3*x + 4*x + 86 = 0, 0 = -2*m - 5*x + 80. What is the tens digit of m?
3
Let s(p) = p**2 - 6*p + 8. Let f be s(4). Suppose f = -4*v + 5*w + 77, -3*v + 0*w + w = -55. What is the tens digit of v?
1
Let h be (0 - 4)/1 + 2. Suppose -2*j - 3*j = -150. What is the units digit of (12/j)/(h/(-20))?
4
What is the tens digit of (18846/12)/9 + (-3)/2?
7
Suppose -x = -0*x + 2. Let u = x - -12. Suppose 0*q - 4*n = -2*q, u = 3*q - n. What is the units digit of q?
4
Let q be (-6)/(-8)*1*-8. Let z = q - -11. Suppose -z*v = -20, -r + 10 + 3 = 2*v. What is the units digit of r?
5
Suppose 10*w - 916 = 7*w + b, -w + 303 = 2*b. What is the units digit of w?
5
Let y(g) = 24*g**2 - 2*g - 2. What is the units digit of y(-2)?
8
Let w = 218 + -150. What is the units digit of w?
8
Let c be 1/3 - 40/(-6). Let j = c + -4. Suppose -3*q + 0*q = v - 25, -j*v - 9 = -3*q. What is the units digit of q?
7
Let d = 43 - 18. Let s = 39 - d. What is the units digit of s?
4
Suppose 0 = 2*c - 6*c + 4. What is the units digit of c?
1
Let r = -99 - -163. What is the units digit of r?
4
Let o be ((-4)/6)/(6/171). Suppose p - 20 = -5*d + 14, 4*p - 117 = -d. Let s = p + o. What is the tens digit of s?
1
Let a = 668 + -323. What is the hundreds digit of a?
3
What is the tens digit of (3 - -1)*-1 - -245?
4
Let o = -22 + 31. Let r = o - -1. What is the tens digit of r?
1
Suppose -1 = -w + 6. What is the units digit of w?
7
Let y = -50 - -81. Suppose -y = -q - 9. What is the tens digit of q?
2
Let a = -10 + 47. What is the tens digit of a?
3
Suppose -55 = -0*w + 5*w. What is the units digit of 1/(-3)*(w - -2)?
3
Suppose -3*g + g + 18 = 0. Suppose 5 = 6*f - 5*f. Suppose f*r - g = 6. What is the units digit of r?
3
Let a be 78/8 + 2/8. Let d = 22 - a. What is the tens digit of d?
1
Let b(u) = u**3 - 8*u**2 + u - 10. Let g be b(8). Let y = g + 7. What is the units digit of y?
5
Suppose -3*t - 4 = -5*t. Suppose -8 = -4*c, p - 7 = t*c - c. What is the units digit of p?
9
Let s(g) = g**2 - 11*g - 14. Let y be 0 + (-4)/(-2) - -11. What is the tens digit of s(y)?
1
Suppose -160 + 1198 = 6*w. What is the tens digit of w?
7
Suppose 0 = -2*p + p + 4*l + 14, -20 = 4*l. Let r be (1/2)/(p/(-24)). What is the units digit of 6/((-9)/(-24)*r)?
8
Suppose -3*g + 136 = g. Let w = g + -11. What is the tens digit of w?
2
Suppose -3*a + 175 = 2*a. Let z = a + -24. What is the tens digit of z?
1
Suppose -3*y - 3*a = y - 15, -2*y - 5*a + 11 = 0. Let q = -1 + y. What is the units digit of q?
2
Let w(l) = 2*l - 2. Let m be w(2). Suppose -6*r + 20 = -m*r. What is the units digit of (-1)/5 + 16/r?
3
Let i = 69 + 74. What is the tens digit of i?
4
Suppose 0*y - s = -5*y + 595, -y = 4*s - 140. Suppose -2*k + y = 2*i, -4*i - k + 170 = -i. What is the units digit of i?
